



{"id":5352,"date":"2020-02-05T16:34:29","date_gmt":"2020-02-05T14:34:29","guid":{"rendered":"https:\/\/igfae.usc.es\/~igfae-old\/?page_id=5352"},"modified":"2024-10-01T10:54:12","modified_gmt":"2024-10-01T08:54:12","slug":"contacto-prensa-2","status":"publish","type":"page","link":"https:\/\/igfae.usc.es\/~igfae-old\/gl\/contacto-prensa-2\/","title":{"rendered":"Contacto de prensa"},"content":{"rendered":"<p>[vc_row foundry_background_style=&#8221;bg-secondary&#8221;][vc_column css=&#8221;.vc_custom_1565621136979{margin-top: 40px !important;}&#8221;][vc_column_text css=&#8221;.vc_custom_1580907968665{border-left-width: 25px !important;padding-left: 10px !important;border-left-color: #055dbe !important;border-left-style: solid !important;}&#8221;]<\/p>\n<h4><span style=\"color: #055dbe;\"><strong>Unidade de Comunicaci\u00f3n<\/strong><\/span><\/h4>\n<p>[\/vc_column_text][vc_column_text]<\/p>\n<p class=\"lead\"><span style=\"color: #333333;\">A Unidade de Comunicaci\u00f3n do Instituto Galego de F\u00edsica de Altas Enerx\u00edas (IGFAE) \u00e9 o departamento encargado da difusi\u00f3n e divulgaci\u00f3n das actividades do centro.<\/span><\/p>\n<p class=\"lead\"><span style=\"color: #333333;\">Para consultas de prensa, contacta co responsable, Manuel Rey, en: <\/span><\/p>\n<p class=\"lead\"><span style=\"color: #333333;\">Email: <\/span><a href=\"mailto:communication@igfae.usc.es\">communication@igfae.usc.es<\/a><br \/>\nTel: +34881814068<br \/>\nTwitter: <a href=\"https:\/\/twitter.com\/IGFAE_HEP\">@IGFAE_HEP<\/a><br \/>\nInstagram: <a href=\"https:\/\/www.instagram.com\/igfae_hep\/\" target=\"_blank\" rel=\"noopener\">@igfae_hep<\/a><br \/>\nLinkedIn: <a href=\"https:\/\/www.linkedin.com\/company\/~igfae-old\/\">Instituto Galego de F\u00edsica de Altas Enerx\u00edas (IGFAE)<\/a><br \/>\nYoutube: <a href=\"https:\/\/www.youtube.com\/@IGFAE\" target=\"_blank\" rel=\"noopener\">IGFAE<\/a><\/p>\n<p>[\/vc_column_text][\/vc_column][\/vc_row]<\/p>\n","protected":false},"excerpt":{"rendered":"<p>[vc_row foundry_background_style=&#8221;bg-secondary&#8221;][vc_column css=&#8221;.vc_custom_1565621136979{margin-top: 40px !important;}&#8221;][vc_column_text css=&#8221;.vc_custom_1580907968665{border-left-width: 25px !important;padding-left: 10px !important;border-left-color: #055dbe !important;border-left-style: solid !important;}&#8221;] Unidade de Comunicaci\u00f3n [\/vc_column_text][vc_column_text] A Unidade de&#8230;<\/p>\n","protected":false},"author":21,"featured_media":1977,"parent":0,"menu_order":0,"comment_status":"closed","ping_status":"closed","template":"","meta":{"om_disable_all_campaigns":false,"_monsterinsights_skip_tracking":false,"_monsterinsights_sitenote_active":false,"_monsterinsights_sitenote_note":"","_monsterinsights_sitenote_category":0},"aioseo_notices":[],"yoast_head":"<!-- This site is optimized with the Yoast SEO plugin v18.4.1 - https:\/\/yoast.com\/wordpress\/plugins\/seo\/ -->\n<title>Contacto de prensa - IGFAE<\/title>\n<meta name=\"robots\" content=\"index, follow, max-snippet:-1, max-image-preview:large, max-video-preview:-1\" \/>\n<link rel=\"canonical\" href=\"https:\/\/igfae.usc.es\/~igfae-old\/gl\/contacto-prensa-2\/\" \/>\n<meta property=\"og:locale\" content=\"gl_ES\" \/>\n<meta property=\"og:type\" content=\"article\" \/>\n<meta property=\"og:title\" content=\"Contacto de prensa - IGFAE\" \/>\n<meta property=\"og:description\" content=\"[vc_row foundry_background_style=&#8221;bg-secondary&#8221;][vc_column css=&#8221;.vc_custom_1565621136979{margin-top: 40px !important;}&#8221;][vc_column_text css=&#8221;.vc_custom_1580907968665{border-left-width: 25px !important;padding-left: 10px !important;border-left-color: #055dbe !important;border-left-style: solid !important;}&#8221;] Unidade de Comunicaci\u00f3n [\/vc_column_text][vc_column_text] A Unidade de...\" \/>\n<meta property=\"og:url\" content=\"https:\/\/igfae.usc.es\/~igfae-old\/gl\/contacto-prensa-2\/\" \/>\n<meta property=\"og:site_name\" content=\"IGFAE\" \/>\n<meta property=\"article:modified_time\" content=\"2024-10-01T08:54:12+00:00\" \/>\n<meta property=\"og:image\" content=\"https:\/\/igfae.usc.es\/~igfae-old\/wp-content\/uploads\/2017\/11\/Transicion-azul-Indicadores.png\" \/>\n\t<meta property=\"og:image:width\" content=\"1920\" \/>\n\t<meta property=\"og:image:height\" content=\"847\" \/>\n\t<meta property=\"og:image:type\" content=\"image\/png\" \/>\n<meta name=\"twitter:card\" content=\"summary_large_image\" \/>\n<meta name=\"twitter:site\" content=\"@igfae_hep\" \/>\n<meta name=\"twitter:label1\" content=\"Tempo de lectura\" \/>\n\t<meta name=\"twitter:data1\" content=\"1 minuto\" \/>\n<script type=\"application\/ld+json\" class=\"yoast-schema-graph\">{\"@context\":\"https:\/\/schema.org\",\"@graph\":[{\"@type\":\"WebSite\",\"@id\":\"https:\/\/igfae.usc.es\/~igfae-old\/#website\",\"url\":\"https:\/\/igfae.usc.es\/~igfae-old\/\",\"name\":\"IGFAE\",\"description\":\"Instituto Galego de F\u00edsica de Altas Enerx\u00edas\",\"potentialAction\":[{\"@type\":\"SearchAction\",\"target\":{\"@type\":\"EntryPoint\",\"urlTemplate\":\"https:\/\/igfae.usc.es\/~igfae-old\/?s={search_term_string}\"},\"query-input\":\"required name=search_term_string\"}],\"inLanguage\":\"gl-ES\"},{\"@type\":\"ImageObject\",\"@id\":\"https:\/\/igfae.usc.es\/~igfae-old\/gl\/contacto-prensa-2\/#primaryimage\",\"inLanguage\":\"gl-ES\",\"url\":\"https:\/\/igfae.usc.es\/~igfae-old\/wp-content\/uploads\/2017\/11\/Transicion-azul-Indicadores.png\",\"contentUrl\":\"https:\/\/igfae.usc.es\/~igfae-old\/wp-content\/uploads\/2017\/11\/Transicion-azul-Indicadores.png\",\"width\":1920,\"height\":847},{\"@type\":\"WebPage\",\"@id\":\"https:\/\/igfae.usc.es\/~igfae-old\/gl\/contacto-prensa-2\/#webpage\",\"url\":\"https:\/\/igfae.usc.es\/~igfae-old\/gl\/contacto-prensa-2\/\",\"name\":\"Contacto de prensa - IGFAE\",\"isPartOf\":{\"@id\":\"https:\/\/igfae.usc.es\/~igfae-old\/#website\"},\"primaryImageOfPage\":{\"@id\":\"https:\/\/igfae.usc.es\/~igfae-old\/gl\/contacto-prensa-2\/#primaryimage\"},\"datePublished\":\"2020-02-05T14:34:29+00:00\",\"dateModified\":\"2024-10-01T08:54:12+00:00\",\"breadcrumb\":{\"@id\":\"https:\/\/igfae.usc.es\/~igfae-old\/gl\/contacto-prensa-2\/#breadcrumb\"},\"inLanguage\":\"gl-ES\",\"potentialAction\":[{\"@type\":\"ReadAction\",\"target\":[\"https:\/\/igfae.usc.es\/~igfae-old\/gl\/contacto-prensa-2\/\"]}]},{\"@type\":\"BreadcrumbList\",\"@id\":\"https:\/\/igfae.usc.es\/~igfae-old\/gl\/contacto-prensa-2\/#breadcrumb\",\"itemListElement\":[{\"@type\":\"ListItem\",\"position\":1,\"name\":\"Home\",\"item\":\"https:\/\/igfae.usc.es\/~igfae-old\/gl\/\"},{\"@type\":\"ListItem\",\"position\":2,\"name\":\"Contacto de prensa\"}]}]}<\/script>\n<!-- \/ Yoast SEO plugin. -->","yoast_head_json":{"title":"Contacto de prensa - IGFAE","robots":{"index":"index","follow":"follow","max-snippet":"max-snippet:-1","max-image-preview":"max-image-preview:large","max-video-preview":"max-video-preview:-1"},"canonical":"https:\/\/igfae.usc.es\/~igfae-old\/gl\/contacto-prensa-2\/","og_locale":"gl_ES","og_type":"article","og_title":"Contacto de prensa - IGFAE","og_description":"[vc_row foundry_background_style=&#8221;bg-secondary&#8221;][vc_column css=&#8221;.vc_custom_1565621136979{margin-top: 40px !important;}&#8221;][vc_column_text css=&#8221;.vc_custom_1580907968665{border-left-width: 25px !important;padding-left: 10px !important;border-left-color: #055dbe !important;border-left-style: solid !important;}&#8221;] Unidade de Comunicaci\u00f3n [\/vc_column_text][vc_column_text] A Unidade de...","og_url":"https:\/\/igfae.usc.es\/~igfae-old\/gl\/contacto-prensa-2\/","og_site_name":"IGFAE","article_modified_time":"2024-10-01T08:54:12+00:00","og_image":[{"width":1920,"height":847,"url":"https:\/\/igfae.usc.es\/~igfae-old\/wp-content\/uploads\/2017\/11\/Transicion-azul-Indicadores.png","type":"image\/png"}],"twitter_card":"summary_large_image","twitter_site":"@igfae_hep","twitter_misc":{"Tempo de lectura":"1 minuto"},"schema":{"@context":"https:\/\/schema.org","@graph":[{"@type":"WebSite","@id":"https:\/\/igfae.usc.es\/~igfae-old\/#website","url":"https:\/\/igfae.usc.es\/~igfae-old\/","name":"IGFAE","description":"Instituto Galego de F\u00edsica de Altas Enerx\u00edas","potentialAction":[{"@type":"SearchAction","target":{"@type":"EntryPoint","urlTemplate":"https:\/\/igfae.usc.es\/~igfae-old\/?s={search_term_string}"},"query-input":"required name=search_term_string"}],"inLanguage":"gl-ES"},{"@type":"ImageObject","@id":"https:\/\/igfae.usc.es\/~igfae-old\/gl\/contacto-prensa-2\/#primaryimage","inLanguage":"gl-ES","url":"https:\/\/igfae.usc.es\/~igfae-old\/wp-content\/uploads\/2017\/11\/Transicion-azul-Indicadores.png","contentUrl":"https:\/\/igfae.usc.es\/~igfae-old\/wp-content\/uploads\/2017\/11\/Transicion-azul-Indicadores.png","width":1920,"height":847},{"@type":"WebPage","@id":"https:\/\/igfae.usc.es\/~igfae-old\/gl\/contacto-prensa-2\/#webpage","url":"https:\/\/igfae.usc.es\/~igfae-old\/gl\/contacto-prensa-2\/","name":"Contacto de prensa - IGFAE","isPartOf":{"@id":"https:\/\/igfae.usc.es\/~igfae-old\/#website"},"primaryImageOfPage":{"@id":"https:\/\/igfae.usc.es\/~igfae-old\/gl\/contacto-prensa-2\/#primaryimage"},"datePublished":"2020-02-05T14:34:29+00:00","dateModified":"2024-10-01T08:54:12+00:00","breadcrumb":{"@id":"https:\/\/igfae.usc.es\/~igfae-old\/gl\/contacto-prensa-2\/#breadcrumb"},"inLanguage":"gl-ES","potentialAction":[{"@type":"ReadAction","target":["https:\/\/igfae.usc.es\/~igfae-old\/gl\/contacto-prensa-2\/"]}]},{"@type":"BreadcrumbList","@id":"https:\/\/igfae.usc.es\/~igfae-old\/gl\/contacto-prensa-2\/#breadcrumb","itemListElement":[{"@type":"ListItem","position":1,"name":"Home","item":"https:\/\/igfae.usc.es\/~igfae-old\/gl\/"},{"@type":"ListItem","position":2,"name":"Contacto de prensa"}]}]}},"_links":{"self":[{"href":"https:\/\/igfae.usc.es\/~igfae-old\/gl\/wp-json\/wp\/v2\/pages\/5352"}],"collection":[{"href":"https:\/\/igfae.usc.es\/~igfae-old\/gl\/wp-json\/wp\/v2\/pages"}],"about":[{"href":"https:\/\/igfae.usc.es\/~igfae-old\/gl\/wp-json\/wp\/v2\/types\/page"}],"author":[{"embeddable":true,"href":"https:\/\/igfae.usc.es\/~igfae-old\/gl\/wp-json\/wp\/v2\/users\/21"}],"replies":[{"embeddable":true,"href":"https:\/\/igfae.usc.es\/~igfae-old\/gl\/wp-json\/wp\/v2\/comments?post=5352"}],"version-history":[{"count":8,"href":"https:\/\/igfae.usc.es\/~igfae-old\/gl\/wp-json\/wp\/v2\/pages\/5352\/revisions"}],"predecessor-version":[{"id":16379,"href":"https:\/\/igfae.usc.es\/~igfae-old\/gl\/wp-json\/wp\/v2\/pages\/5352\/revisions\/16379"}],"wp:featuredmedia":[{"embeddable":true,"href":"https:\/\/igfae.usc.es\/~igfae-old\/gl\/wp-json\/wp\/v2\/media\/1977"}],"wp:attachment":[{"href":"https:\/\/igfae.usc.es\/~igfae-old\/gl\/wp-json\/wp\/v2\/media?parent=5352"}],"curies":[{"name":"wp","href":"https:\/\/api.w.org\/{rel}","templated":true}]}}

<p>[vc_row foundry_background_style=&#8221;bg-secondary&#8221;][vc_column css=&#8221;.vc_custom_1565621136979{margin-top: 40px !important;}&#8221;][vc_column_text css=&#8221;.vc_custom_1580907968665{border-left-width: 25px !important;padding-left: 10px !important;border-left-color: #055dbe !important;border-left-style: solid !important;}&#8221;]</p>
<h4><span style="color: #055dbe;"><strong>Unidade de Comunicación</strong></span></h4>
<p>[/vc_column_text][vc_column_text]</p>
<p class="lead"><span style="color: #333333;">A Unidade de Comunicación do Instituto Galego de Física de Altas Enerxías (IGFAE) é o departamento encargado da difusión e divulgación das actividades do centro.</span></p>
<p class="lead"><span style="color: #333333;">Para consultas de prensa, contacta co responsable, Manuel Rey, en: </span></p>
<p class="lead"><span style="color: #333333;">Email: </span><a href="mailto:communication@igfae.usc.es">communication@igfae.usc.es</a><br />
Tel: +34881814068<br />
Twitter: <a href="https://twitter.com/IGFAE_HEP">@IGFAE_HEP</a><br />
Instagram: <a href="https://www.instagram.com/igfae_hep/" target="_blank" rel="noopener">@igfae_hep</a><br />
LinkedIn: <a href="https://www.linkedin.com/company/~igfae-old/">Instituto Galego de Física de Altas Enerxías (IGFAE)</a><br />
Youtube: <a href="https://www.youtube.com/@IGFAE" target="_blank" rel="noopener">IGFAE</a></p>
<p>[/vc_column_text][/vc_column][/vc_row]</p>

<p>[vc_row foundry_background_style=&#8221;bg-secondary&#8221;][vc_column css=&#8221;.vc_custom_1565621136979{margin-top: 40px !important;}&#8221;][vc_column_text css=&#8221;.vc_custom_1580907968665{border-left-width: 25px !important;padding-left: 10px !important;border-left-color: #055dbe !important;border-left-style: solid !important;}&#8221;] Unidade de Comunicación [/vc_column_text][vc_column_text] A Unidade de&#8230;</p>

<!-- This site is optimized with the Yoast SEO plugin v18.4.1 - https://yoast.com/wordpress/plugins/seo/ -->
<title>Contacto de prensa - IGFAE</title>
<meta name="robots" content="index, follow, max-snippet:-1, max-image-preview:large, max-video-preview:-1" />
<link rel="canonical" href="https://igfae.usc.es/~igfae-old/gl/contacto-prensa-2/" />
<meta property="og:locale" content="gl_ES" />
<meta property="og:type" content="article" />
<meta property="og:title" content="Contacto de prensa - IGFAE" />
<meta property="og:description" content="[vc_row foundry_background_style=&#8221;bg-secondary&#8221;][vc_column css=&#8221;.vc_custom_1565621136979{margin-top: 40px !important;}&#8221;][vc_column_text css=&#8221;.vc_custom_1580907968665{border-left-width: 25px !important;padding-left: 10px !important;border-left-color: #055dbe !important;border-left-style: solid !important;}&#8221;] Unidade de Comunicación [/vc_column_text][vc_column_text] A Unidade de..." />
<meta property="og:url" content="https://igfae.usc.es/~igfae-old/gl/contacto-prensa-2/" />
<meta property="og:site_name" content="IGFAE" />
<meta property="article:modified_time" content="2024-10-01T08:54:12+00:00" />
<meta property="og:image" content="https://igfae.usc.es/~igfae-old/wp-content/uploads/2017/11/Transicion-azul-Indicadores.png" />
	<meta property="og:image:width" content="1920" />
	<meta property="og:image:height" content="847" />
	<meta property="og:image:type" content="image/png" />
<meta name="twitter:card" content="summary_large_image" />
<meta name="twitter:site" content="@igfae_hep" />
<meta name="twitter:label1" content="Tempo de lectura" />
	<meta name="twitter:data1" content="1 minuto" />
<script type="application/ld+json" class="yoast-schema-graph">{"@context":"https://schema.org","@graph":[{"@type":"WebSite","@id":"https://igfae.usc.es/~igfae-old/#website","url":"https://igfae.usc.es/~igfae-old/","name":"IGFAE","description":"Instituto Galego de Física de Altas Enerxías","potentialAction":[{"@type":"SearchAction","target":{"@type":"EntryPoint","urlTemplate":"https://igfae.usc.es/~igfae-old/?s={search_term_string}"},"query-input":"required name=search_term_string"}],"inLanguage":"gl-ES"},{"@type":"ImageObject","@id":"https://igfae.usc.es/~igfae-old/gl/contacto-prensa-2/#primaryimage","inLanguage":"gl-ES","url":"https://igfae.usc.es/~igfae-old/wp-content/uploads/2017/11/Transicion-azul-Indicadores.png","contentUrl":"https://igfae.usc.es/~igfae-old/wp-content/uploads/2017/11/Transicion-azul-Indicadores.png","width":1920,"height":847},{"@type":"WebPage","@id":"https://igfae.usc.es/~igfae-old/gl/contacto-prensa-2/#webpage","url":"https://igfae.usc.es/~igfae-old/gl/contacto-prensa-2/","name":"Contacto de prensa - IGFAE","isPartOf":{"@id":"https://igfae.usc.es/~igfae-old/#website"},"primaryImageOfPage":{"@id":"https://igfae.usc.es/~igfae-old/gl/contacto-prensa-2/#primaryimage"},"datePublished":"2020-02-05T14:34:29+00:00","dateModified":"2024-10-01T08:54:12+00:00","breadcrumb":{"@id":"https://igfae.usc.es/~igfae-old/gl/contacto-prensa-2/#breadcrumb"},"inLanguage":"gl-ES","potentialAction":[{"@type":"ReadAction","target":["https://igfae.usc.es/~igfae-old/gl/contacto-prensa-2/"]}]},{"@type":"BreadcrumbList","@id":"https://igfae.usc.es/~igfae-old/gl/contacto-prensa-2/#breadcrumb","itemListElement":[{"@type":"ListItem","position":1,"name":"Home","item":"https://igfae.usc.es/~igfae-old/gl/"},{"@type":"ListItem","position":2,"name":"Contacto de prensa"}]}]}</script>
<!-- / Yoast SEO plugin. -->

[vc_row foundry_background_style=&#8221;bg-secondary&#8221;][vc_column css=&#8221;.vc_custom_1565621136979{margin-top: 40px !important;}&#8221;][vc_column_text css=&#8221;.vc_custom_1580907968665{border-left-width: 25px !important;padding-left: 10px !important;border-left-color: #055dbe !important;border-left-style: solid !important;}&#8221;] Unidade de Comunicación [/vc_column_text][vc_column_text] A Unidade de...

Instituto Galego de Física de Altas Enerxías
