



{"id":10083,"date":"2021-09-20T09:48:37","date_gmt":"2021-09-20T07:48:37","guid":{"rendered":"https:\/\/igfae.usc.es\/~igfae-old\/?page_id=10083"},"modified":"2021-09-24T09:48:49","modified_gmt":"2021-09-24T07:48:49","slug":"taller-camara-niebla","status":"publish","type":"page","link":"https:\/\/igfae.usc.es\/~igfae-old\/es\/taller-camara-niebla\/","title":{"rendered":"Taller: c\u00e1mara de niebla"},"content":{"rendered":"<p>[vc_row full_width=\u00bbstretch_row\u00bb foundry_padding=\u00bbpt0 pb0&#8243; foundry_parallax=\u00bbnot-parallax\u00bb css=\u00bb.vc_custom_1511969745245{background-image: url(https:\/\/igfae.usc.es\/~igfae-old\/wp-content\/uploads\/2017\/11\/fondo.jpg?id=122) !important;}\u00bb][vc_column][vc_row_inner][vc_column_inner width=\u00bb5\/12&#8243; css=\u00bb.vc_custom_1613646072263{margin-top: 40px !important;margin-bottom: 0px !important;margin-left: 40px !important;padding-bottom: 0px !important;}\u00bb][vc_column_text css=\u00bb.vc_custom_1632469724083{margin-top: 0px !important;padding-top: 0px !important;}\u00bb]<\/p>\n<p class=\"lead\">Seguindo co compromiso de divulgar a nosa actividade investigadora \u00e1 sociedade, o Instituto Galego de F\u00edsica de Altas Enerx\u00edas (IGFAE), a trav\u00e9s do seu laboratorio educativo EduLab, ofrece un obradoiro de construcci\u00f3n de c\u00e1maras de n\u00e9boa para profesorado de secundaria e bacharelato.<\/p>\n<p class=\"lead\">Os raios c\u00f3smicos son part\u00edculas subat\u00f3micas de alta enerx\u00eda que bombardean constantemente a Terra desde o espazo exterior. Miles destas part\u00edculas atravesan o noso planeta e a n\u00f3s mesmos cada segundo. Esta radiaci\u00f3n natural \u00e9 inofensiva e invisible, pero as pegadas que deixan as part\u00edculas poden verse utilizando unha c\u00e1mara de n\u00e9boa. Inventada a principios do s\u00e9culo XX, \u00e9 un dos primeiros e m\u00e1is sinxelos detectores de part\u00edculas subat\u00f3micas que se poden constru\u00edr. Coa colaboraci\u00f3n de MakerGal, o programa EduLab do IGFAE dese\u00f1ou un prototipo a partir do cal constru\u00edr estes detectores cun orzamento reducido e con materiais que non requiren dun mantemento nin manexo complexos.<\/p>\n<p class=\"lead\">Nesta actividade, impartiremos un obradoiro para profesorado de secundaria e bacharelato no que se ensinar\u00e1 o funcionamento b\u00e1sico destes dispositivos e o procedemento para montalos a partir dun kit de montaxe e de materiais proporcionado polo IGFAE. Unha vez finalizado o obradoiro, o detector entregarase aos centros educativos dos docentes con obxecto de que poida ser utilizado como recurso educativo.<\/p>\n<p class=\"lead\"><strong>Data:<\/strong> S\u00e1bado 9 de outubro.<br \/>\n<strong>Hora:<\/strong> 9:00 \u2013 13:00 h aproximadamente.<br \/>\n<strong>Lugar:<\/strong> Aula C (IGFAE).<\/p>\n<p class=\"lead\"><strong>Se queres participar neste obradoiro inscr\u00edbete no formulario ata o venres 1 de outubro. As prazas son limitadas.<\/strong><\/p>\n<p>[\/vc_column_text][vc_images_carousel images=\u00bb10153,10108&#8243; img_size=\u00bblarge\u00bb onclick=\u00bblink_no\u00bb speed=\u00bb2500&#8243; autoplay=\u00bbyes\u00bb wrap=\u00bbyes\u00bb][\/vc_column_inner][vc_column_inner width=\u00bb5\/12&#8243; offset=\u00bbvc_col-lg-offset-1&#8243; css=\u00bb.vc_custom_1536316223177{margin-bottom: 0px !important;padding-top: 60px !important;padding-bottom: 0px !important;}\u00bb]<noscript class=\"ninja-forms-noscript-message\">\n\tAviso: Se requiere JavaScript para este contenido.<\/noscript>\nEste formulario se encuentra actualmente en mantenimiento. Por favor, int\u00e9ntalo de nuevo m\u00e1s tarde.[\/vc_column_inner][\/vc_row_inner][\/vc_column][\/vc_row]<\/p>\n","protected":false},"excerpt":{"rendered":"<p>[vc_row full_width=\u00bbstretch_row\u00bb foundry_padding=\u00bbpt0 pb0&#8243; foundry_parallax=\u00bbnot-parallax\u00bb css=\u00bb.vc_custom_1511969745245{background-image: url(https:\/\/igfae.usc.es\/~igfae-old\/wp-content\/uploads\/2017\/11\/fondo.jpg?id=122) !important;}\u00bb][vc_column][vc_row_inner][vc_column_inner width=\u00bb5\/12&#8243; css=\u00bb.vc_custom_1613646072263{margin-top: 40px !important;margin-bottom: 0px !important;margin-left: 40px !important;padding-bottom: 0px !important;}\u00bb][vc_column_text css=\u00bb.vc_custom_1632469724083{margin-top: 0px !important;padding-top:&#8230;<\/p>\n","protected":false},"author":21,"featured_media":1892,"parent":0,"menu_order":0,"comment_status":"closed","ping_status":"closed","template":"","meta":{"om_disable_all_campaigns":false,"_monsterinsights_skip_tracking":false,"_monsterinsights_sitenote_active":false,"_monsterinsights_sitenote_note":"","_monsterinsights_sitenote_category":0},"aioseo_notices":[],"yoast_head":"<!-- This site is optimized with the Yoast SEO plugin v18.4.1 - https:\/\/yoast.com\/wordpress\/plugins\/seo\/ -->\n<title>Taller: c\u00e1mara de niebla - IGFAE<\/title>\n<meta name=\"robots\" content=\"index, follow, max-snippet:-1, max-image-preview:large, max-video-preview:-1\" \/>\n<link rel=\"canonical\" href=\"https:\/\/igfae.usc.es\/~igfae-old\/es\/taller-camara-niebla\/\" \/>\n<meta property=\"og:locale\" content=\"es_ES\" \/>\n<meta property=\"og:type\" content=\"article\" \/>\n<meta property=\"og:title\" content=\"Taller: c\u00e1mara de niebla - IGFAE\" \/>\n<meta property=\"og:description\" content=\"[vc_row full_width=\u00bbstretch_row\u00bb foundry_padding=\u00bbpt0 pb0&#8243; foundry_parallax=\u00bbnot-parallax\u00bb css=\u00bb.vc_custom_1511969745245{background-image: url(https:\/\/igfae.usc.es\/~igfae-old\/wp-content\/uploads\/2017\/11\/fondo.jpg?id=122) !important;}\u00bb][vc_column][vc_row_inner][vc_column_inner width=\u00bb5\/12&#8243; css=\u00bb.vc_custom_1613646072263{margin-top: 40px !important;margin-bottom: 0px !important;margin-left: 40px !important;padding-bottom: 0px !important;}\u00bb][vc_column_text css=\u00bb.vc_custom_1632469724083{margin-top: 0px !important;padding-top:...\" \/>\n<meta property=\"og:url\" content=\"https:\/\/igfae.usc.es\/~igfae-old\/es\/taller-camara-niebla\/\" \/>\n<meta property=\"og:site_name\" content=\"IGFAE\" \/>\n<meta property=\"article:modified_time\" content=\"2021-09-24T07:48:49+00:00\" \/>\n<meta property=\"og:image\" content=\"https:\/\/igfae.usc.es\/~igfae-old\/wp-content\/uploads\/2017\/11\/Transicion-azul-Indicadores.png\" \/>\n\t<meta property=\"og:image:width\" content=\"1920\" \/>\n\t<meta property=\"og:image:height\" content=\"847\" \/>\n\t<meta property=\"og:image:type\" content=\"image\/png\" \/>\n<meta name=\"twitter:card\" content=\"summary_large_image\" \/>\n<meta name=\"twitter:site\" content=\"@igfae_hep\" \/>\n<meta name=\"twitter:label1\" content=\"Tiempo de lectura\" \/>\n\t<meta name=\"twitter:data1\" content=\"2 minutos\" \/>\n<script type=\"application\/ld+json\" class=\"yoast-schema-graph\">{\"@context\":\"https:\/\/schema.org\",\"@graph\":[{\"@type\":\"WebSite\",\"@id\":\"https:\/\/igfae.usc.es\/~igfae-old\/#website\",\"url\":\"https:\/\/igfae.usc.es\/~igfae-old\/\",\"name\":\"IGFAE\",\"description\":\"Instituto Galego de F\u00edsica de Altas Enerx\u00edas\",\"potentialAction\":[{\"@type\":\"SearchAction\",\"target\":{\"@type\":\"EntryPoint\",\"urlTemplate\":\"https:\/\/igfae.usc.es\/~igfae-old\/?s={search_term_string}\"},\"query-input\":\"required name=search_term_string\"}],\"inLanguage\":\"es\"},{\"@type\":\"ImageObject\",\"@id\":\"https:\/\/igfae.usc.es\/~igfae-old\/es\/taller-camara-niebla\/#primaryimage\",\"inLanguage\":\"es\",\"url\":\"https:\/\/igfae.usc.es\/~igfae-old\/wp-content\/uploads\/2017\/11\/Transicion-azul-Indicadores.png\",\"contentUrl\":\"https:\/\/igfae.usc.es\/~igfae-old\/wp-content\/uploads\/2017\/11\/Transicion-azul-Indicadores.png\",\"width\":1920,\"height\":847},{\"@type\":\"WebPage\",\"@id\":\"https:\/\/igfae.usc.es\/~igfae-old\/es\/taller-camara-niebla\/#webpage\",\"url\":\"https:\/\/igfae.usc.es\/~igfae-old\/es\/taller-camara-niebla\/\",\"name\":\"Taller: c\u00e1mara de niebla - IGFAE\",\"isPartOf\":{\"@id\":\"https:\/\/igfae.usc.es\/~igfae-old\/#website\"},\"primaryImageOfPage\":{\"@id\":\"https:\/\/igfae.usc.es\/~igfae-old\/es\/taller-camara-niebla\/#primaryimage\"},\"datePublished\":\"2021-09-20T07:48:37+00:00\",\"dateModified\":\"2021-09-24T07:48:49+00:00\",\"breadcrumb\":{\"@id\":\"https:\/\/igfae.usc.es\/~igfae-old\/es\/taller-camara-niebla\/#breadcrumb\"},\"inLanguage\":\"es\",\"potentialAction\":[{\"@type\":\"ReadAction\",\"target\":[\"https:\/\/igfae.usc.es\/~igfae-old\/es\/taller-camara-niebla\/\"]}]},{\"@type\":\"BreadcrumbList\",\"@id\":\"https:\/\/igfae.usc.es\/~igfae-old\/es\/taller-camara-niebla\/#breadcrumb\",\"itemListElement\":[{\"@type\":\"ListItem\",\"position\":1,\"name\":\"Home\",\"item\":\"https:\/\/igfae.usc.es\/~igfae-old\/es\/\"},{\"@type\":\"ListItem\",\"position\":2,\"name\":\"Taller: c\u00e1mara de niebla\"}]}]}<\/script>\n<!-- \/ Yoast SEO plugin. -->","yoast_head_json":{"title":"Taller: c\u00e1mara de niebla - IGFAE","robots":{"index":"index","follow":"follow","max-snippet":"max-snippet:-1","max-image-preview":"max-image-preview:large","max-video-preview":"max-video-preview:-1"},"canonical":"https:\/\/igfae.usc.es\/~igfae-old\/es\/taller-camara-niebla\/","og_locale":"es_ES","og_type":"article","og_title":"Taller: c\u00e1mara de niebla - IGFAE","og_description":"[vc_row full_width=\u00bbstretch_row\u00bb foundry_padding=\u00bbpt0 pb0&#8243; foundry_parallax=\u00bbnot-parallax\u00bb css=\u00bb.vc_custom_1511969745245{background-image: url(https:\/\/igfae.usc.es\/~igfae-old\/wp-content\/uploads\/2017\/11\/fondo.jpg?id=122) !important;}\u00bb][vc_column][vc_row_inner][vc_column_inner width=\u00bb5\/12&#8243; css=\u00bb.vc_custom_1613646072263{margin-top: 40px !important;margin-bottom: 0px !important;margin-left: 40px !important;padding-bottom: 0px !important;}\u00bb][vc_column_text css=\u00bb.vc_custom_1632469724083{margin-top: 0px !important;padding-top:...","og_url":"https:\/\/igfae.usc.es\/~igfae-old\/es\/taller-camara-niebla\/","og_site_name":"IGFAE","article_modified_time":"2021-09-24T07:48:49+00:00","og_image":[{"width":1920,"height":847,"url":"https:\/\/igfae.usc.es\/~igfae-old\/wp-content\/uploads\/2017\/11\/Transicion-azul-Indicadores.png","type":"image\/png"}],"twitter_card":"summary_large_image","twitter_site":"@igfae_hep","twitter_misc":{"Tiempo de lectura":"2 minutos"},"schema":{"@context":"https:\/\/schema.org","@graph":[{"@type":"WebSite","@id":"https:\/\/igfae.usc.es\/~igfae-old\/#website","url":"https:\/\/igfae.usc.es\/~igfae-old\/","name":"IGFAE","description":"Instituto Galego de F\u00edsica de Altas Enerx\u00edas","potentialAction":[{"@type":"SearchAction","target":{"@type":"EntryPoint","urlTemplate":"https:\/\/igfae.usc.es\/~igfae-old\/?s={search_term_string}"},"query-input":"required name=search_term_string"}],"inLanguage":"es"},{"@type":"ImageObject","@id":"https:\/\/igfae.usc.es\/~igfae-old\/es\/taller-camara-niebla\/#primaryimage","inLanguage":"es","url":"https:\/\/igfae.usc.es\/~igfae-old\/wp-content\/uploads\/2017\/11\/Transicion-azul-Indicadores.png","contentUrl":"https:\/\/igfae.usc.es\/~igfae-old\/wp-content\/uploads\/2017\/11\/Transicion-azul-Indicadores.png","width":1920,"height":847},{"@type":"WebPage","@id":"https:\/\/igfae.usc.es\/~igfae-old\/es\/taller-camara-niebla\/#webpage","url":"https:\/\/igfae.usc.es\/~igfae-old\/es\/taller-camara-niebla\/","name":"Taller: c\u00e1mara de niebla - IGFAE","isPartOf":{"@id":"https:\/\/igfae.usc.es\/~igfae-old\/#website"},"primaryImageOfPage":{"@id":"https:\/\/igfae.usc.es\/~igfae-old\/es\/taller-camara-niebla\/#primaryimage"},"datePublished":"2021-09-20T07:48:37+00:00","dateModified":"2021-09-24T07:48:49+00:00","breadcrumb":{"@id":"https:\/\/igfae.usc.es\/~igfae-old\/es\/taller-camara-niebla\/#breadcrumb"},"inLanguage":"es","potentialAction":[{"@type":"ReadAction","target":["https:\/\/igfae.usc.es\/~igfae-old\/es\/taller-camara-niebla\/"]}]},{"@type":"BreadcrumbList","@id":"https:\/\/igfae.usc.es\/~igfae-old\/es\/taller-camara-niebla\/#breadcrumb","itemListElement":[{"@type":"ListItem","position":1,"name":"Home","item":"https:\/\/igfae.usc.es\/~igfae-old\/es\/"},{"@type":"ListItem","position":2,"name":"Taller: c\u00e1mara de niebla"}]}]}},"_links":{"self":[{"href":"https:\/\/igfae.usc.es\/~igfae-old\/es\/wp-json\/wp\/v2\/pages\/10083"}],"collection":[{"href":"https:\/\/igfae.usc.es\/~igfae-old\/es\/wp-json\/wp\/v2\/pages"}],"about":[{"href":"https:\/\/igfae.usc.es\/~igfae-old\/es\/wp-json\/wp\/v2\/types\/page"}],"author":[{"embeddable":true,"href":"https:\/\/igfae.usc.es\/~igfae-old\/es\/wp-json\/wp\/v2\/users\/21"}],"replies":[{"embeddable":true,"href":"https:\/\/igfae.usc.es\/~igfae-old\/es\/wp-json\/wp\/v2\/comments?post=10083"}],"version-history":[{"count":5,"href":"https:\/\/igfae.usc.es\/~igfae-old\/es\/wp-json\/wp\/v2\/pages\/10083\/revisions"}],"predecessor-version":[{"id":10219,"href":"https:\/\/igfae.usc.es\/~igfae-old\/es\/wp-json\/wp\/v2\/pages\/10083\/revisions\/10219"}],"wp:featuredmedia":[{"embeddable":true,"href":"https:\/\/igfae.usc.es\/~igfae-old\/es\/wp-json\/wp\/v2\/media\/1892"}],"wp:attachment":[{"href":"https:\/\/igfae.usc.es\/~igfae-old\/es\/wp-json\/wp\/v2\/media?parent=10083"}],"curies":[{"name":"wp","href":"https:\/\/api.w.org\/{rel}","templated":true}]}}

Taller: cámara de niebla

<p>[vc_row full_width=»stretch_row» foundry_padding=»pt0 pb0&#8243; foundry_parallax=»not-parallax» css=».vc_custom_1511969745245{background-image: url(https://igfae.usc.es/~igfae-old/wp-content/uploads/2017/11/fondo.jpg?id=122) !important;}»][vc_column][vc_row_inner][vc_column_inner width=»5/12&#8243; css=».vc_custom_1613646072263{margin-top: 40px !important;margin-bottom: 0px !important;margin-left: 40px !important;padding-bottom: 0px !important;}»][vc_column_text css=».vc_custom_1632469724083{margin-top: 0px !important;padding-top: 0px !important;}»]</p>
<p class="lead">Seguindo co compromiso de divulgar a nosa actividade investigadora á sociedade, o Instituto Galego de Física de Altas Enerxías (IGFAE), a través do seu laboratorio educativo EduLab, ofrece un obradoiro de construcción de cámaras de néboa para profesorado de secundaria e bacharelato.</p>
<p class="lead">Os raios cósmicos son partículas subatómicas de alta enerxía que bombardean constantemente a Terra desde o espazo exterior. Miles destas partículas atravesan o noso planeta e a nós mesmos cada segundo. Esta radiación natural é inofensiva e invisible, pero as pegadas que deixan as partículas poden verse utilizando unha cámara de néboa. Inventada a principios do século XX, é un dos primeiros e máis sinxelos detectores de partículas subatómicas que se poden construír. Coa colaboración de MakerGal, o programa EduLab do IGFAE deseñou un prototipo a partir do cal construír estes detectores cun orzamento reducido e con materiais que non requiren dun mantemento nin manexo complexos.</p>
<p class="lead">Nesta actividade, impartiremos un obradoiro para profesorado de secundaria e bacharelato no que se ensinará o funcionamento básico destes dispositivos e o procedemento para montalos a partir dun kit de montaxe e de materiais proporcionado polo IGFAE. Unha vez finalizado o obradoiro, o detector entregarase aos centros educativos dos docentes con obxecto de que poida ser utilizado como recurso educativo.</p>
<p class="lead"><strong>Data:</strong> Sábado 9 de outubro.<br />
<strong>Hora:</strong> 9:00 – 13:00 h aproximadamente.<br />
<strong>Lugar:</strong> Aula C (IGFAE).</p>
<p class="lead"><strong>Se queres participar neste obradoiro inscríbete no formulario ata o venres 1 de outubro. As prazas son limitadas.</strong></p>
<p>[/vc_column_text][vc_images_carousel images=»10153,10108&#8243; img_size=»large» onclick=»link_no» speed=»2500&#8243; autoplay=»yes» wrap=»yes»][/vc_column_inner][vc_column_inner width=»5/12&#8243; offset=»vc_col-lg-offset-1&#8243; css=».vc_custom_1536316223177{margin-bottom: 0px !important;padding-top: 60px !important;padding-bottom: 0px !important;}»]<noscript class="ninja-forms-noscript-message">
	Aviso: Se requiere JavaScript para este contenido.</noscript>
Este formulario se encuentra actualmente en mantenimiento. Por favor, inténtalo de nuevo más tarde.[/vc_column_inner][/vc_row_inner][/vc_column][/vc_row]</p>

<!-- This site is optimized with the Yoast SEO plugin v18.4.1 - https://yoast.com/wordpress/plugins/seo/ -->
<title>Taller: cámara de niebla - IGFAE</title>
<meta name="robots" content="index, follow, max-snippet:-1, max-image-preview:large, max-video-preview:-1" />
<link rel="canonical" href="https://igfae.usc.es/~igfae-old/es/taller-camara-niebla/" />
<meta property="og:locale" content="es_ES" />
<meta property="og:type" content="article" />
<meta property="og:title" content="Taller: cámara de niebla - IGFAE" />
<meta property="og:description" content="[vc_row full_width=»stretch_row» foundry_padding=»pt0 pb0&#8243; foundry_parallax=»not-parallax» css=».vc_custom_1511969745245{background-image: url(https://igfae.usc.es/~igfae-old/wp-content/uploads/2017/11/fondo.jpg?id=122) !important;}»][vc_column][vc_row_inner][vc_column_inner width=»5/12&#8243; css=».vc_custom_1613646072263{margin-top: 40px !important;margin-bottom: 0px !important;margin-left: 40px !important;padding-bottom: 0px !important;}»][vc_column_text css=».vc_custom_1632469724083{margin-top: 0px !important;padding-top:..." />
<meta property="og:url" content="https://igfae.usc.es/~igfae-old/es/taller-camara-niebla/" />
<meta property="og:site_name" content="IGFAE" />
<meta property="article:modified_time" content="2021-09-24T07:48:49+00:00" />
<meta property="og:image" content="https://igfae.usc.es/~igfae-old/wp-content/uploads/2017/11/Transicion-azul-Indicadores.png" />
	<meta property="og:image:width" content="1920" />
	<meta property="og:image:height" content="847" />
	<meta property="og:image:type" content="image/png" />
<meta name="twitter:card" content="summary_large_image" />
<meta name="twitter:site" content="@igfae_hep" />
<meta name="twitter:label1" content="Tiempo de lectura" />
	<meta name="twitter:data1" content="2 minutos" />
<script type="application/ld+json" class="yoast-schema-graph">{"@context":"https://schema.org","@graph":[{"@type":"WebSite","@id":"https://igfae.usc.es/~igfae-old/#website","url":"https://igfae.usc.es/~igfae-old/","name":"IGFAE","description":"Instituto Galego de Física de Altas Enerxías","potentialAction":[{"@type":"SearchAction","target":{"@type":"EntryPoint","urlTemplate":"https://igfae.usc.es/~igfae-old/?s={search_term_string}"},"query-input":"required name=search_term_string"}],"inLanguage":"es"},{"@type":"ImageObject","@id":"https://igfae.usc.es/~igfae-old/es/taller-camara-niebla/#primaryimage","inLanguage":"es","url":"https://igfae.usc.es/~igfae-old/wp-content/uploads/2017/11/Transicion-azul-Indicadores.png","contentUrl":"https://igfae.usc.es/~igfae-old/wp-content/uploads/2017/11/Transicion-azul-Indicadores.png","width":1920,"height":847},{"@type":"WebPage","@id":"https://igfae.usc.es/~igfae-old/es/taller-camara-niebla/#webpage","url":"https://igfae.usc.es/~igfae-old/es/taller-camara-niebla/","name":"Taller: cámara de niebla - IGFAE","isPartOf":{"@id":"https://igfae.usc.es/~igfae-old/#website"},"primaryImageOfPage":{"@id":"https://igfae.usc.es/~igfae-old/es/taller-camara-niebla/#primaryimage"},"datePublished":"2021-09-20T07:48:37+00:00","dateModified":"2021-09-24T07:48:49+00:00","breadcrumb":{"@id":"https://igfae.usc.es/~igfae-old/es/taller-camara-niebla/#breadcrumb"},"inLanguage":"es","potentialAction":[{"@type":"ReadAction","target":["https://igfae.usc.es/~igfae-old/es/taller-camara-niebla/"]}]},{"@type":"BreadcrumbList","@id":"https://igfae.usc.es/~igfae-old/es/taller-camara-niebla/#breadcrumb","itemListElement":[{"@type":"ListItem","position":1,"name":"Home","item":"https://igfae.usc.es/~igfae-old/es/"},{"@type":"ListItem","position":2,"name":"Taller: cámara de niebla"}]}]}</script>
<!-- / Yoast SEO plugin. -->

Taller: cámara de niebla - IGFAE

Instituto Galego de Física de Altas Enerxías
